 is 4934b7b + -22?
4934b59
In base 2, what is -11000001110001 + -1001111100?
-11001011101101
In base 6, what is 24203 + -43352?
-15145
In base 4, what is 3 - -112122203112?
112122203121
In base 3, what is -111 + -1112111110012211?
-1112111110020022
In base 4, what is -21313323023303 + 2?
-21313323023301
In base 9, what is -50124374 + 18?
-50124355
In base 15, what is -21b95b5 + -5?
-21b95ba
In base 4, what is -323221312232 + 212?
-323221312020
In base 15, what is 5 + b5b25da?
b5b25e0
In base 14, what is 0 - 1a41d02?
-1a41d02
In base 10, what is -151 - -3007189?
3007038
In base 5, what is 10313 - 1240034?
-1224221
In base 14, what is -1858 - -182?
-16b6
In base 13, what is 4910 + -80a?
4103
In base 8, what is -6 + 152175?
152167
In base 12, what is -19 - 2b757268?
-2b757285
In base 4, what is 110033122300 + -101?
110033122133
In base 9, what is -1 - 13383?
-13384
In base 14, what is -132c076 - -22?
-132c054
In base 8, what is -210 + -134153?
-134363
In base 11, what is -47 - -135349?
135302
In base 7, what is 30204 + 20465?
51002
In base 15, what is 47457 - eab?
4649b
In base 5, what is -104122340 + 12?
-104122323
In base 6, what is -214 + -2204?
-2422
In base 2, what is 10100111101101 - -110000110?
10101101110011
In base 14, what is -5 - -413c20?
413c19
In base 7, what is 125 - 233013442?
-233013314
In base 14, what is 3356 - 17c8c?
-14936
In base 6, what is -1513435 - 340?
-1514215
In base 5, what is 1 - -11204003322?
11204003323
In base 15, what is -2a83 + b9?
-29b9
In base 10, what is 2356 + -5555?
-3199
In base 15, what is -2c4a + -1560?
-42aa
In base 12, what is 56784 - -b03?
57687
In base 11, what is 50 + -1920531?
-1920491
In base 8, what is 5 - -1654732?
1654737
In base 8, what is 6371 - -10001?
16372
In base 5, what is -102121034411 - -1?
-102121034410
In base 15, what is 426b9 - 35b?
4235d
In base 7, what is 5101 - -4654?
13055
In base 13, what is -5 + -701ca3?
-701ca8
In base 3, what is 200 - 11001210001110?
-11001210000210
In base 4, what is -100 + 303120022?
303113322
In base 12, what is -5 + 19971a3?
199719a
In base 9, what is 3 - 124425746?
-124425743
In base 10, what is 197288 - -1672?
198960
In base 16, what is 490a + -1f?
48eb
In base 6, what is 1102405 - 1040?
1101325
In base 8, what is 6016 + 20510?
26526
In base 5, what is 1 + 13423322003?
13423322004
In base 5, what is 42200130 - 120?
42200010
In base 11, what is -1540873 + 7?
-1540867
In base 13, what is -6a1c33 - 27?
-6a1c5a
In base 6, what is 20021 - -1010024?
1030045
In base 4, what is -1103232211 + -101?
-1103232312
In base 5, what is 20 - 11414424400?
-11414424330
In base 13, what is 4 - 10802348?
-10802344
In base 14, what is -5c57 + -44?
-5c9b
In base 9, what is 0 - -3430146?
3430146
In base 7, what is 3116 - 124116?
-121000
In base 2, what is 10000100 + 10111111011001100001?
10111111011011100101
In base 2, what is 10000101011011110001011 - -1100100?
10000101011011111101111
In base 14, what is -2b1d + -2391?
-50b0
In base 11, what is 313a54 - -6aa?
314653
In base 12, what is -653 + 1681?
102a
In base 15, what is 1ad1b + -53a?
1a7d1
In base 8, what is 3 + -31273713?
-31273710
In base 6, what is -22102 + 1414415?
1352313
In base 8, what is 2541 + -2711?
-150
In base 11, what is -24 + 2050937?
2050913
In base 11, what is -22a1 - -12611?
10320
In base 4, what is 2101311 - -13002020?
21103331
In base 14, what is -3 + 13963132?
1396312d
In base 3, what is 1120220 + -10010021?
-1112101
In base 14, what is 1133 - -3b8d?
4cc2
In base 11, what is -20359439 - 2?
-20359440
In base 6, what is -314 - -243312?
242554
In base 13, what is 278 + 12787?
12a32
In base 8, what is 334660 + 302?
335162
In base 14, what is 58 + -2495?
-243b
In base 16, what is 5f948 - a?
5f93e
In base 10, what is 5474 - -1947?
7421
In base 7, what is -1666615 + -20?
-1666635
In base 4, what is 12201 - -12133122?
12211323
In base 16, what is 1e2e0 - -10a?
1e3ea
In base 11, what is 69 + a1a28?
a1a96
In base 6, what is 201554254 + -22?
201554232
In base 14, what is -201bdc24 - 4?
-201bdc28
In base 4, what is -11 - -23001012011?
23001012000
In base 9, what is 53328 - -515?
53844
In base 12, what is 2 + -114b6b0b?
-114b6b09
In base 8, what is -256 + 1373622?
1373344
In base 10, what is 102286 + -14?
102272
In base 15, what is 1a - -16373?
1638d
In base 4, what is -2100030201302 - 22?
-2100030201330
In base 14, what is 4 + -4b01146?
-4b01142
In base 14, what is -441 - 22b65?
-231a6
In base 10, what is 5745413 - 1?
5745412
In base 10, what is -57778 - 167?
-57945
In base 12, what is -1031a4 - -38?
-103168
In base 2, what is 11101000000011001011010011 + 1010?
11101000000011001011011101
In base 9, what is 5157 + -480?
4567
In base 13, what is 8 + -7c77a04?
-7c779c9
In base 15, what is 4 - 174756?
-174752
In base 14, what is -62 + 5ddc2?
5dd60
In base 12, what is -1588 - 1a4977?
-1a6343
In base 16, what is -19f48 + -121?
-1a069
In base 10, what is 65426843 - -5?
65426848
In base 10, what is -11 - 51266?
-51277
In base 3, what is 10 + -2221121122001201?
-2221121122001121
In base 5, what is 23301213031 + -1?
23301213030
In base 8, what is -402055654 - 13?
-402055667
In base 3, what is 12 - 1200120202002212?
-1200120202002200
In base 5, what is 3123021024443 + 2?
3123021030000
In base 13, what is -25c170a + 0?
-25c170a
In base 2, what is -11010100110100101 + -11011111?
-11010101010000100
In base 15, what is 1 + -86c13c?
-86c13b
In base 14, what is 68 - -10751?
107b9
In base 4, what is 23003112 - 122112?
22221000
In base 7, what is 325036 - -1041?
326110
In base 3, what is 120 - 12102111001011?
-12102111000121
In base 10, what is -54438620 + 0?
-54438620
In base 16, what is 1124ed - 1?
1124ec
In base 9, what is -62541 - -302?
-62238
In base 7, what is -52466 + -614?
-53413
In base 5, what is 10 + 10314244314?
10314244324
In base 5, what is 334 - -1224234443?
1224240332
In base 2, what is -1000100011111010 - -100010011?
-1000011111100111
In base 13, what is 33 + 4bb929?
4bb95c
In base 13, what is -1a9a - -599b?
3c01
In base 10, what is -11749 + -3349?
-15098
In base 10, what is -2005 - 35957?
-37962
In base 15, what is 26383d - -5?
263843
In base 7, what is -152211654334 + 2?
-152211654332
In base 14, what is -4833318 + 0?
-4833318
In base 6, what is -1 + -2222155550?
-2222155551
In base 8, what is -11712727 + 3?
-11712724
In base 13, what is -7020 - -30?
-6cc0
In base 9, what is 3387428 - -42?
3387471
In base 2, what is 1011101 - -11110010010011000000?
11110010010100011101
In base 5, what is -12442 + -101121?
-114113
In base 3, what is 200 + 100201212211?
100201220111
In base 14, what is -29931639 - 2?
-2993163b
In base 10, what is -286 + -33427?
-33713
In base 11, what is 5 - 100461054?
-10046104a
In base 4, what is -33321133102 - 1033?
-33321200201
In base 11, what is 23085 + -474?
22711
In base 11, what is 721797 + 23?
72180a
In base 10, what is 741476 + 127?
741603
In base 4, what is -1332112321023 + -12?
-1332112321101
In base 11, what is 84 - 734948?
-734874
In base 10, what is 2 - -130085717?
130085719
In base 14, what is 440a0c + -d?
4409dd
In base 3, what is 1 + -12222020220111?
-12222020220110
In base 3, what is 101220200222222 + -11?
101220200222211
In base 5, what is 3123131 + 443?
3124124
In base 2, what is 101 + 11000100000100110010101000?
11000100000100110010101101
In base 6, what is -10012 - -14011031?
14001015
In base 7, what is 43066 - -1511?
44610
In base 11, what is -11681643 - -1?
-11681642
In base 3, what is -10012021201210000212 - -1?
-10012021201210000211
In base 3, what is 1021111012 + -2002?
1021102010
In base 4, what is 3232112122101 + -22?
3232112122013
In base 12, what is 5718460 + 5?
5718465
In base 6, what is -320032 + 23352?
-252240
In base 7, what is 123451206 - -2?
123451211
In base 11, what is -80a48 - 10?
-80a58
In base 11, what is 1163a + 2511?
14050
In base 4, what is -30313213012 + -2?
-30313213020
In base 8, what is -3633013315 - 5?
-3633013322
In base 11, what is -1 - -9269760?
926975a
In base 6, what is -12511053030 + -1?
-12511053031
In base 13, what is 6c251381 + -5?
6c251379
In base 11, what is -1a797a0 - -157?
-1a79644
In base 2, what is 111010010101000 + 1?
111010010101001
In base 2, what is -1101010001001001101010011000 + 0?
-1101010001001001101010011000
In base 14,